e prime factors of 427338425.
5, 17093537
What are the prime factors of 484929562?
2, 13, 23, 103, 7873
List the prime factors of 61932403.
13, 727, 6553
List the prime factors of 967220519.
139, 2311, 3011
What are the prime factors of 117295045?
5, 7, 3351287
What are the prime factors of 2174832390?
2, 3, 5, 23, 61, 163, 317
List the prime factors of 155597153.
31, 61, 107, 769
What are the prime factors of 24828726?
2, 3, 13, 67, 4751
List the prime factors of 165677854.
2, 653, 126859
What are the prime factors of 1216619384?
2, 4561, 33343
List the prime factors of 211016578.
2, 105508289
List the prime factors of 1489141870.
2, 5, 5407, 27541
List the prime factors of 201082295.
5, 71, 566429
List the prime factors of 14154955.
5, 43, 65837
What are the prime factors of 12881116?
2, 59, 54581
What are the prime factors of 4075770958?
2, 7, 291126497
What are the prime factors of 5256035?
5, 37, 28411
What are the prime factors of 39275604?
2, 3, 13469
List the prime factors of 34468668.
2, 3, 13, 73651
What are the prime factors of 306421300?
2, 5, 61, 191, 263
List the prime factors of 95130813.
3, 53, 598307
What are the prime factors of 55320325?
5, 523, 4231
List the prime factors of 182878478.
2, 101, 905339
List the prime factors of 45340552.
2, 1217, 4657
List the prime factors of 88154625.
3, 5, 13, 107
What are the prime factors of 114328220?
2, 5, 73, 78307
What are the prime factors of 5913242899?
97, 151, 403717
What are the prime factors of 2064045951?
3, 11, 1895359
What are the prime factors of 124701419?
43, 967, 2999
List the prime factors of 3057886.
2, 13, 83, 109
What are the prime factors of 186018041?
11, 16910731
What are the prime factors of 1780504779?
3, 1621, 366133
What are the prime factors of 282656538?
2, 3, 71, 221171
What are the prime factors of 1330737578?
2, 665368789
What are the prime factors of 613399100?
2, 5, 17, 360823
What are the prime factors of 508638906?
2, 3, 9419239
What are the prime factors of 652633734?
2, 3, 67, 1623467
What are the prime factors of 81064070?
2, 5, 19, 31, 13763
What are the prime factors of 774365666?
2, 11299, 34267
List the prime factors of 308978623.
308978623
List the prime factors of 456752448.
2, 3, 792973
List the prime factors of 241127254.
2, 120563627
What are the prime factors of 30791713?
30791713
List the prime factors of 1155314461.
7, 4513, 36571
List the prime factors of 256414263.
3, 7, 12210203
List the prime factors of 181579492.
2, 2857, 15889
What are the prime factors of 40951175?
5, 19, 73, 1181
What are the prime factors of 2095871?
19, 47, 2347
What are the prime factors of 7459632102?
2, 3, 13, 139, 688031
List the prime factors of 236960645.
5, 101, 469229
List the prime factors of 300273240.
2, 3, 5, 449, 5573
What are the prime factors of 5163163497?
3, 41, 89, 157217
What are the prime factors of 514904216?
2, 443, 145289
List the prime factors of 98900237.
17, 29, 200609
What are the prime factors of 26466061?
131, 202031
List the prime factors of 18165331.
23, 1493
List the prime factors of 502103902.
2, 311, 807241
List the prime factors of 710455701.
3, 2221, 106627
What are the prime factors of 282637380?
2, 3, 5, 4710623
List the prime factors of 1362690839.
31, 43957769
What are the prime factors of 224000231?
7, 13, 383, 6427
What are the prime factors of 91007739?
3, 19, 9337
List the prime factors of 970345938.
2, 3, 161724323
List the prime factors of 192562879.
192562879
List the prime factors of 471286306.
2, 235643153
List the prime factors of 3481620140.
2, 5, 61, 2853787
List the prime factors of 2666616971.
1571, 1697401
List the prime factors of 265281808.
2, 11, 41, 97, 379
List the prime factors of 1512942775.
5, 6761, 8951
List the prime factors of 2044782747.
3, 7, 71, 457139
What are the prime factors of 10597742?
2, 787, 6733
What are the prime factors of 690582077?
690582077
List the prime factors of 41179034.
2, 13, 1583809
List the prime factors of 3405552303.
3, 79, 113, 127163
List the prime factors of 2109919070.
2, 5, 7, 29, 71, 14639
What are the prime factors of 1418697608?
2, 177337201
List the prime factors of 1703898972.
2, 3, 23, 2057849
What are the prime factors of 1878923608?
2, 234865451
What are the prime factors of 19949893?
43, 97, 4783
List the prime factors of 1057486468.
2, 73, 3621529
What are the prime factors of 1050537246?
2, 3, 11, 19, 76159
What are the prime factors of 6708522990?
2, 3, 5, 13, 17201341
List the prime factors of 11035823.
523, 21101
What are the prime factors of 29825333?
113, 263941
List the prime factors of 25302294.
2, 3, 313, 499
What are the prime factors of 47745714?
2, 3, 7957619
List the prime factors of 65951318.
2, 19, 751, 2311
List the prime factors of 1795325224.
2, 7, 11, 2914489
What are the prime factors of 74462223?
3, 11, 2256431
What are the prime factors of 285976738?
2, 5903, 24223
List the prime factors of 6038242767.
3, 17, 4385071
What are the prime factors of 68783044?
2, 11, 461, 3391
List the prime factors of 125505024.
2, 3, 101, 809
What are the prime factors of 121966199?
29, 4205731
What are the prime factors of 1072513285?
5, 61, 3516437
What are the prime factors of 56372307?
3, 727, 25847
List the prime factors of 35714234.
2, 59, 302663
List the prime factors of 98851540.
2, 5, 563, 8779
What are the prime factors of 325555159?
325555159
What are the prime factors of 4208656226?
2, 2104328113
What are the prime factors of 272784185?
5, 997, 54721
What are the prime factors of 4097070516?
2, 3, 7, 11, 17, 5323
List the prime factors of 308599698.
2, 3, 11, 4675753
List the prime factors of 151643052.
2, 3, 11, 569, 673
List the prime factors of 340234582.
2, 4111, 41381
List the prime factors of 1301096750.
2, 5, 5204387
What are the prime factors of 883733337?
3, 31, 113, 28031
List the prime factors of 1732656891.
3, 7, 82507471
List the prime factors of 76605335.
5, 15321067
What are the prime factors of 1124246492?
2, 19, 109, 113, 1201
What are the prime factors of 1104688554?
2, 3, 184114759
List the prime factors of 206500605.
3, 5, 191, 72077
What are the prime factors of 66028034?
2, 17, 1942001
List the prime factors of 307011904.
2, 4797061
List the prime factors of 350388375.
3, 5, 449, 2081
List the prime factors of 2495139329.
30949, 80621
List the prime factors of 5185552562.
2, 2592776281
List the prime factors of 833707441.
7, 19, 103, 60859
What are the prime factors of 39637334?
2, 11, 67, 26891
List the prime factors of 255652005.
3, 5, 7, 1033, 2357
List the prime factors of 70012564.
2, 17503141
List the prime factors of 5268094775.
5, 5639, 37369
List the prime factors of 514602693.
3, 11, 1732669
List the prime factors of 20146990.
2, 5, 41, 49139
List the prime factors of 2283374188.
2, 570843547
List the prime factors of 167956837.
1627, 103231
What are the prime factors of 91095408?
2, 3, 210869
What are the prime factors of 4752214645?
5, 950442929
List the prime factors of 1342531930.
2, 5, 67, 757, 2647
List the prime factors of 54923623.
19, 353, 431
What are the prime factors of 40114547?
11, 47, 77591
What are the prime factors of 1090295244?
2, 3, 1301, 23279
What are the prime factors of 37962567?
3, 101, 13921
What are the prime factors of 35036929?
35036929
List the prime factors of 76050966.
2, 3, 12675161
List the prime factors of 49308449.
17, 67, 43291
List the prime factors of 937154764.
2, 7, 13, 2574601
List the prime factors of 76849525.
5, 3073981
What are the prime factors of 1398865028?
2, 11, 262747
What are the prime factors of 104436452?
2, 1103, 23671
What are the prime factors of 183094836?
2, 3, 15257903
List the prime factors of 1142979311.
157, 769, 9467
List the prime factors of 758223036.
2, 3, 1493, 14107
What are the prime factors of 243784169?
3719, 65551
List the prime factors of 1125565153.
461, 2441573
List the prime factors of 2369555644.
2, 592388911
List the prime factors of 717365800.
2, 5, 3586829
What are the prime factors of 556194310?
2, 5, 7, 7945633
What are the prime factors of 233559485?
5, 73, 659, 971
List the prime factors of 4751184072.
2, 3, 17, 3167, 3677
What are the prime factors of 1555150313?
23, 79, 855889
List the prime factors of 32435419.
127